{"id":177,"date":"2019-09-25T23:33:02","date_gmt":"2019-09-25T21:33:02","guid":{"rendered":"http:\/\/associazionesperanza2009.com\/news\/?page_id=177"},"modified":"2019-09-25T23:57:24","modified_gmt":"2019-09-25T21:57:24","slug":"chi-siamo","status":"publish","type":"page","link":"http:\/\/associazionesperanza2009.com\/news\/chi-siamo\/","title":{"rendered":"Chi siamo"},"content":{"rendered":"\n<p>In seguito ai tanti pellegrinaggi fatti a Medjugorie con il Prof.Pietro Jacopini (Religioso della Congregazione dei Figli Dell\u2019Amore Misericordioso), un gruppo di persone ha accolto la sua ispirazione e il suo invito: realizzare un\u2019opera che potesse essere di aiuto a tante persone, far conoscere la Beata Madre Speranza, l\u2019Amore Misericordioso di Ges\u00f9 a Medjugorie.&nbsp;<\/p>\n\n\n\n<div class=\"wp-block-image\"><figure class=\"aligncenter is-resized\"><img loading=\"lazy\" src=\"http:\/\/associazionesperanza2009.com\/news\/wp-content\/uploads\/2019\/09\/image005.jpg\" alt=\"\" class=\"wp-image-192\" width=\"282\" height=\"282\" srcset=\"http:\/\/associazionesperanza2009.com\/news\/wp-content\/uploads\/2019\/09\/image005.jpg 353w, http:\/\/associazionesperanza2009.com\/news\/wp-content\/uploads\/2019\/09\/image005-150x150.jpg 150w, http:\/\/associazionesperanza2009.com\/news\/wp-content\/uploads\/2019\/09\/image005-300x300.jpg 300w, http:\/\/associazionesperanza2009.com\/news\/wp-content\/uploads\/2019\/09\/image005-100x100.jpg 100w\" sizes=\"(max-width: 282px) 85vw, 282px\" \/><\/figure><\/div>\n\n\n\n<p>Per attuare quest\u2019opera \u00e8 stata fondata nel 2009 la \u201cAssociazione Speranza Onlus\u201d. \u00c8 stato&nbsp; avviato un progetto a Medjugorie; la costruzione di una casa di accoglienza chiamata \u201c Villaggio Speranza\u201d destinata ad ospitare pellegrini disabili e bisognosi, sia sotto il profilo materiale che spirituale creando una struttura idonea e favorire ed accompagnare giovani in ricerca vocazionale che vogliono fare un&#8217;esperienza di volontariato e di preghiera. L&#8217;opera ha anche lo scopo di far conoscere la spiritualit\u00e0 della Beata Madre Speranza, fondatrice della Famiglia dell\u2019Amore Misericordioso, portare anime al Signore. Da allora il prof. Pietro Jacopini ha sostenuto e animato il cammino dell\u2019Associazione per la realizzazione del Villaggio Speranza.&nbsp; &nbsp;<\/p>\n\n\n\n<figure class=\"wp-block-image\"><img loading=\"lazy\" width=\"1024\" height=\"768\" src=\"http:\/\/associazionesperanza2009.com\/news\/wp-content\/uploads\/2019\/09\/IMG_2831-1024x768.jpg\" alt=\"\" class=\"wp-image-185\" srcset=\"http:\/\/associazionesperanza2009.com\/news\/wp-content\/uploads\/2019\/09\/IMG_2831-1024x768.jpg 1024w, http:\/\/associazionesperanza2009.com\/news\/wp-content\/uploads\/2019\/09\/IMG_2831-300x225.jpg 300w, http:\/\/associazionesperanza2009.com\/news\/wp-content\/uploads\/2019\/09\/IMG_2831-768x576.jpg 768w\" sizes=\"(max-width: 709px) 85vw, (max-width: 909px) 67vw, (max-width: 1362px) 62vw, 840px\" \/><\/figure>\n\n\n\n<figure class=\"wp-block-image\"><img loading=\"lazy\" width=\"1024\" height=\"768\" src=\"http:\/\/associazionesperanza2009.com\/news\/wp-content\/uploads\/2019\/09\/IMG_3157-1024x768.jpg\" alt=\"\" class=\"wp-image-164\" srcset=\"http:\/\/associazionesperanza2009.com\/news\/wp-content\/uploads\/2019\/09\/IMG_3157-1024x768.jpg 1024w, http:\/\/associazionesperanza2009.com\/news\/wp-content\/uploads\/2019\/09\/IMG_3157-300x225.jpg 300w, http:\/\/associazionesperanza2009.com\/news\/wp-content\/uploads\/2019\/09\/IMG_3157-768x576.jpg 768w\" sizes=\"(max-width: 709px) 85vw, (max-width: 909px) 67vw, (max-width: 1362px) 62vw, 840px\" \/><\/figure>\n\n\n\n<p>Come gi\u00e0 stabilito dall&#8217;Associazione Speranza, una volta terminata, l\u2019opera sar\u00e0 donata alla Congregazione dei Figli dell&#8217;Amore Misericordioso di Collevalenza.&nbsp; L\u2019attuale Padre Spirituale dell\u2019Associazione \u00e8 Padre Sante Pessot, sacerdote dei Figli dell\u2019Amore Misericordioso, attuale direttore del Centro Formazione Professionale Artigianelli di Fermo.<\/p>\n\n\n\n<p>Grazie al contributo dei tantissimi benefattori \u00e8 stato possibile avviare i lavori: notevole aiuto ci \u00e8 pervenuto anche con la donazione del 5 per mille. Questa non \u00e8 un\u2019opera nostra ma un\u2019opera di tutti e per tutti, specialmente per la popolazione locale e per i pellegrini di Medjugorie.<\/p>\n\n\n\n<p>Ringraziamo i vari presidenti che si sono succeduti:\n<br>Gabriele Verrucci<br>Ottavio Tantalocchi<br>Giancarlo Celestini<br>Ernesto Paccapelo<br>\u00c8 grazie anche al loro impegno se siamo giunti alla realizzazione.<\/p>\n\n\n\n<p>Attualmente ricopre la carica di presidente Brillarelli Matteo<\/p>\n\n\n\n<p>Ci affidiamo alla Divina Provvidenza e alla generosit\u00e0 di tutti per il completamento dell\u2019opera, le cui finalit\u00e0 potranno contribuire alla realizzazione di quel mondo di pace e di amore che la Madonna vuole nel cuore di tutti suoi figli.<\/p>\n","protected":false},"excerpt":{"rendered":"<p>In seguito ai tanti pellegrinaggi fatti a Medjugorie con il Prof.Pietro Jacopini (Religioso della Congregazione dei Figli Dell\u2019Amore Misericordioso), un gruppo di persone ha accolto la sua ispirazione e il suo invito: realizzare un\u2019opera che potesse essere di aiuto a tante persone, far conoscere la Beata Madre Speranza, l\u2019Amore Misericordioso di Ges\u00f9 a Medjugorie.&nbsp; Per &hellip; <a href=\"http:\/\/associazionesperanza2009.com\/news\/chi-siamo\/\" class=\"more-link\">Leggi tutto<span class=\"screen-reader-text\"> &#8220;Chi siamo&#8221;<\/span><\/a><\/p>\n","protected":false},"author":1,"featured_media":0,"parent":0,"menu_order":0,"comment_status":"closed","ping_status":"closed","template":"","meta":[],"_links":{"self":[{"href":"http:\/\/associazionesperanza2009.com\/news\/wp-json\/wp\/v2\/pages\/177"}],"collection":[{"href":"http:\/\/associazionesperanza2009.com\/news\/wp-json\/wp\/v2\/pages"}],"about":[{"href":"http:\/\/associazionesperanza2009.com\/news\/wp-json\/wp\/v2\/types\/page"}],"author":[{"embeddable":true,"href":"http:\/\/associazionesperanza2009.com\/news\/wp-json\/wp\/v2\/users\/1"}],"replies":[{"embeddable":true,"href":"http:\/\/associazionesperanza2009.com\/news\/wp-json\/wp\/v2\/comments?post=177"}],"version-history":[{"count":6,"href":"http:\/\/associazionesperanza2009.com\/news\/wp-json\/wp\/v2\/pages\/177\/revisions"}],"predecessor-version":[{"id":197,"href":"http:\/\/associazionesperanza2009.com\/news\/wp-json\/wp\/v2\/pages\/177\/revisions\/197"}],"wp:attachment":[{"href":"http:\/\/associazionesperanza2009.com\/news\/wp-json\/wp\/v2\/media?parent=177"}],"curies":[{"name":"wp","href":"https:\/\/api.w.org\/{rel}","templated":true}]}}